2406?
True
Does 685 divide 728719304?
False
Is 15 a factor of 216436851?
False
Is 221698216 a multiple of 622?
True
Does 7 divide 775504331?
True
Does 975 divide 190942365?
False
Is 26353660 a multiple of 82?
False
Does 24 divide 59216866?
False
Does 3295 divide 444943620?
True
Is 277036470 a multiple of 45?
True
Is 358805046 a multiple of 16?
False
Does 39 divide 24760710?
True
Is 29 a factor of 439389122?
False
Is 173623447 a multiple of 227?
True
Is 75173097 a multiple of 16?
False
Does 494 divide 75507925?
False
Is 85 a factor of 36836070?
False
Is 53 a factor of 66730445?
True
Is 1212 a factor of 2216436533?
False
Is 100 a factor of 806757957?
False
Is 8195 a factor of 2899997430?
True
Is 478056981 a multiple of 64?
False
Is 543 a factor of 51677618?
False
Does 4926 divide 1620890448?
True
Is 36 a factor of 5215762?
False
Is 12444102 a multiple of 34?
True
Does 24 divide 45795144?
True
Is 823508926 a multiple of 65?
False
Does 537 divide 1346861514?
True
Does 192 divide 213563049?
False
Is 174679942 a multiple of 21?
False
Is 162397962 a multiple of 26?
False
Is 1993 a factor of 116851583?
True
Is 238138080 a multiple of 60?
True
Is 1845 a factor of 245062125?
True
Does 2 divide 682999009?
False
Is 132764106 a multiple of 30?
False
Does 2869 divide 224091729?
False
Does 3449 divide 792973386?
True
Is 1685121793 a multiple of 193?
True
Is 573 a factor of 23638681?
False
Does 7 divide 78437296?
True
Does 239 divide 1975427568?
False
Is 274645016 a multiple of 3214?
False
Is 405 a factor of 1999161000?
True
Does 128 divide 1301843?
False
Is 103920624 a multiple of 552?
True
Does 7779 divide 1555621083?
True
Does 6212 divide 3646267595?
False
Is 1299 a factor of 301776956?
False
Is 3023964 a multiple of 9?
True
Does 18 divide 635162418?
True
Is 865549260 a multiple of 10?
True
Is 66261520 a multiple of 580?
True
Does 6840 divide 1745061840?
True
Is 423279985 a multiple of 9?
False
Is 150949027 a multiple of 22?
False
Is 138 a factor of 901085638?
False
Is 898538706 a multiple of 17?
True
Does 10 divide 349164250?
True
Does 102 divide 1173416160?
True
Is 2769 a factor of 1076169081?
True
Is 2 a factor of 14705148?
True
Is 1918 a factor of 32982022?
False
Is 53051712 a multiple of 112?
True
Is 319 a factor of 14633487?
True
Does 185 divide 60117144?
False
Is 171856895 a multiple of 29?
False
Is 713719562 a multiple of 23?
False
Does 83 divide 108224115?
True
Does 37 divide 65724136?
True
Does 453 divide 321025831?
False
Does 168 divide 22345221?
False
Is 756933434 a multiple of 1706?
True
Is 39605383 a multiple of 40?
False
Is 44 a factor of 895384776?
True
Is 553 a factor of 9459078?
False
Is 40500320 a multiple of 28?
True
Does 10786 divide 3882981572?
True
Does 767 divide 20063808?
False
Is 131699241 a multiple of 601?
False
Does 166 divide 653047106?
False
Does 16 divide 38785312?
True
Does 556 divide 625937016?
True
Is 87 a factor of 101138850?
False
Is 140 a factor of 154633234?
False
Does 7 divide 1169286662?
False
Is 46943252 a multiple of 5?
False
Is 984 a factor of 18716306?
False
Is 352151761 a multiple of 2?
False
Is 232900641 a multiple of 339?
False
Does 117 divide 758909?
False
Is 93 a factor of 360352029?
True
Is 5 a factor of 2285636?
False
Does 187 divide 2330463?
False
Does 1440 divide 645668289?
False
Does 499 divide 50779238?
True
Is 1566086280 a multiple of 13785?
True
Does 34 divide 21123112?
True
Is 1435 a factor of 78744190?
True
Does 386 divide 116054436?
False
Does 66 divide 96005184?
True
Does 27 divide 7264278?
False
Is 11 a factor of 55767781?
False
Is 28 a factor of 3942724840?
False
Does 24 divide 1844698052?
False
Does 126 divide 571929831?
False
Is 32 a factor of 51209767?
False
Is 268 a factor of 23772343?
False
Is 266 a factor of 13146449?
False
Is 808822080 a multiple of 240?
True
Is 268 a factor of 22990717?
False
Is 1788722705 a multiple of 583?
True
Is 4351 a factor of 202486838?
True
Does 809 divide 19574756?
False
Is 2407766900 a multiple of 1225?
True
Is 360 a factor of 89544053?
False
Does 47 divide 293926413?
False
Does 98 divide 2957755?
False
Is 145 a factor of 76892220?
False
Does 12 divide 82207680?
True
Is 3202435080 a multiple of 13?
True
Is 590463786 a multiple of 242?
True
Is 65884065 a multiple of 56?
False
Is 1336234486 a multiple of 119?
False
Does 424 divide 67173048?
True
Does 136 divide 127761072?
False
Is 524 a factor of 391010372?
True
Does 4940 divide 239224440?
True
Does 57 divide 32406185?
False
Is 383515372 a multiple of 188?
False
Is 226 a factor of 31212408?
True
Is 25 a factor of 145071807?
False
Is 4638 a factor of 357632588?
False
Is 561 a factor of 721834965?
False
Is 3487232 a multiple of 126?
False
Is 10607760 a multiple of 108?
True
Does 30 divide 241949850?
True
Is 340639139 a multiple of 1746?
False
Is 1429 a factor of 860459489?
True
Is 1682643 even?
False
Is 918 a factor of 48033432?
True
Is 44938896 a multiple of 399?
False
Is 523399 a multiple of 42?
False
Does 195 divide 1350888332?
False
Is 3781 a factor of 32430254?
False
Is 292794022 a multiple of 12?
False
Does 15 divide 1182488115?
True
Is 75879830 a multiple of 8221?
True
Is 596689485 a multiple of 105?
True
Does 160 divide 20192897?
False
Does 708 divide 73083038?
False
Is 31 a factor of 3487530?
False
Is 459 a factor of 261706653?
True
Is 1508 a factor of 1125076450?
False
Does 17 divide 7232789?
False
Does 33 divide 3373402?
False
Is 103566240 a multiple of 9?
True
Does 1719 divide 100035269?
False
Is 722 a factor of 34972958?
True
Does 11 divide 310708309?
False
Is 372463631 a multiple of 3075?
False
Is 34308479 a multiple of 23?
True
Does 97 divide 181513622?
False
Is 44 a factor of 289019154?
False
Does 349 divide 161058614?
True
Is 18 a factor of 373107982?
False
Is 1839664 a multiple of 13?
False
Is 71 a factor of 105624215?
True
Does 20 divide 522409600?
True
Does 128 divide 76223232?
True
Is 62 a factor of 83236240?
True
Is 34010780 a multiple of 16?
False
Is 140 a factor of 19065760?
True
Is 6 a factor of 71194788?
True
Does 475 divide 544427453?
False
Does 59 divide 13562979?
True
Does 4082 divide 104570165?
False
Is 2 a factor of 67497241?
False
Does 64 divide 34222400?
True
Does 933 divide 35319648?
True
Is 240 a factor of 2869734795?
False
Is 1951 a factor of 205405182?
True
Does 10 divide 332951239?
False
Does 2556 divide 906539076?
True
Is 33101816 a multiple of 2?
True
Does 22 divide 95881429?
False
Is 3057640332 a multiple of 678?
True
Does 822 divide 21960552?
True
Does 9 divide 60581430?
True
Is 109681345 a multiple of 109?
False
Does 14 divide 99069295?
False
Is 13 a factor of 187292886?
False
Does 300 divide 1756706?
False
Does 500 divide 1714483000?
True
Is 6471 a factor of 289111338?
True
Is 1242 a factor of 535645740?
False
Is 7 a factor of 359071917?
False
Is 2228 a factor of 379594713?
False
Does 19 divide 104332207?
False
Is 70 a factor of 4916473?
False
Does 11 divide 117440575?
False
Is 4014 a factor of 142501014?
True
Is 762 a factor of 59580780?
True
Is 582502020 a multiple of 141?
True
Does 2398 divide 281617780?
False
Does 375 divide 294961125?
True
Is 120982016 a multiple of 64?
True
Is 8 a factor of 9060397?
False
Is 617305538 a multiple of 20?
False
Is 386 a factor of 144198421?
False
Does 551 divide 40572885?
True
Is 7668271 a multiple of 213?
False
Does 87 divide 64596456?
True
Does 938 divide 839085086?
True
Is 32 a factor of 15009596?
False
Is 80 a factor of 55059995?
False
Does 39 divide 101557813?
False
Is 28071192 a multiple of 233?
False
Is 759 a factor of 201543429?
False
Does 2913 divide 709000896?
True
Is 39762645 a multiple of 10?
False
Is 7120 a factor of 867416845?
False
Is 4685793 a multiple of 174?
False
Is 10429034 a multiple of 482?
True
Does 13079 divide 3301048047?
True
Is 350143156 a multiple of 399?
False
Is 715 a factor of 177044155?
False
Is 940 a factor of 719513600?
True
Does 75 divide 230135025?
True
Is 334559201 a multiple of 661?
True
Is 11 a factor of 97621722?
True
Does 119 divide 317814492?
False
Does 20 divide 51261456?
False
Is 484 a factor of 35164536?
True
Is 144437414 a multiple of 11?
True
Does 104 divide 10651564?
False
Is 165 a factor of 82597117?
False
Is 74 a factor of 377138811?
False
Is 373786420 a multiple of 29?
False
Is 